{"id":774,"date":"2020-12-14T13:56:01","date_gmt":"2020-12-14T12:56:01","guid":{"rendered":"https:\/\/phileasfrance.fr\/?page_id=774"},"modified":"2020-12-15T12:16:08","modified_gmt":"2020-12-15T11:16:08","slug":"what-we-do-fits","status":"publish","type":"page","link":"https:\/\/phileasfrance.fr\/index.php\/what-we-do-fits\/","title":{"rendered":"What we do &#8211; FITs"},"content":{"rendered":"<p>Pour le s\u00e9jour de vos clients individuels, Phileas France organise l\u2019ensemble des prestations pour une exp\u00e9rience originale et de qualit\u00e9 : itin\u00e9raire sur mesure, r\u00e9servation des prestations (h\u00f4tels, guides, transports, activit\u00e9s, restaurants\u2026). Phileas organise aussi l\u2019accueil personnalis\u00e9 et l\u2019assistance de vos clients individuels.<\/p>\n<p><figure id=\"attachment_174\" aria-describedby=\"caption-attachment-174\" style=\"width: 850px\" class=\"wp-caption alignnone\"><a href=\"https:\/\/phileasfrance.fr\/wp-content\/uploads\/2015\/10\/ballade-velo.jpg\"><img loading=\"lazy\" decoding=\"async\" src=\"https:\/\/phileasfrance.fr\/wp-content\/uploads\/2015\/10\/ballade-velo.jpg\" alt=\"\" width=\"850\" height=\"565\" class=\"size-full wp-image-174\" srcset=\"https:\/\/phileasfrance.fr\/wp-content\/uploads\/2015\/10\/ballade-velo.jpg 850w, https:\/\/phileasfrance.fr\/wp-content\/uploads\/2015\/10\/ballade-velo-300x199.jpg 300w\" sizes=\"auto, (max-width: 850px) 100vw, 850px\" \/><\/a><figcaption id=\"caption-attachment-174\" class=\"wp-caption-text\">mixed group of cyclists beside river<\/figcaption><\/figure><\/p>","protected":false},"excerpt":{"rendered":"<p>Pour le s\u00e9jour de vos clients individuels, Phileas France organise l\u2019ensemble des prestations pour une exp\u00e9rience originale et de qualit\u00e9 : itin\u00e9raire sur mesure, r\u00e9servation des prestations (h\u00f4tels, guides, transports, activit\u00e9s, restaurants\u2026). Phileas organise aussi l\u2019accueil personnalis\u00e9 et l\u2019assistance de vos clients individuels.<\/p>\n","protected":false},"author":1,"featured_media":121,"parent":0,"menu_order":0,"comment_status":"closed","ping_status":"closed","template":"","meta":{"footnotes":""},"class_list":["post-774","page","type-page","status-publish","has-post-thumbnail"],"_links":{"self":[{"href":"https:\/\/phileasfrance.fr\/index.php\/wp-json\/wp\/v2\/pages\/774","targetHints":{"allow":["GET"]}}],"collection":[{"href":"https:\/\/phileasfrance.fr\/index.php\/wp-json\/wp\/v2\/pages"}],"about":[{"href":"https:\/\/phileasfrance.fr\/index.php\/wp-json\/wp\/v2\/types\/page"}],"author":[{"embeddable":true,"href":"https:\/\/phileasfrance.fr\/index.php\/wp-json\/wp\/v2\/users\/1"}],"replies":[{"embeddable":true,"href":"https:\/\/phileasfrance.fr\/index.php\/wp-json\/wp\/v2\/comments?post=774"}],"version-history":[{"count":3,"href":"https:\/\/phileasfrance.fr\/index.php\/wp-json\/wp\/v2\/pages\/774\/revisions"}],"predecessor-version":[{"id":808,"href":"https:\/\/phileasfrance.fr\/index.php\/wp-json\/wp\/v2\/pages\/774\/revisions\/808"}],"wp:featuredmedia":[{"embeddable":true,"href":"https:\/\/phileasfrance.fr\/index.php\/wp-json\/wp\/v2\/media\/121"}],"wp:attachment":[{"href":"https:\/\/phileasfrance.fr\/index.php\/wp-json\/wp\/v2\/media?parent=774"}],"curies":[{"name":"wp","href":"https:\/\/api.w.org\/{rel}","templated":true}]}}